.
38
Suppose -99 = -4*p - 39. Let o(s) = 11*s**2 + 3 + 11*s + 8 - p. Let h be o(-4). What is the highest common factor of 32 and h?
32
Let t(a) = -2*a**2 - 101*a - 319. Let b be t(-41). What is the greatest common factor of b and 570?
10
Let c(f) = 31*f**2 - 7*f - 12. Let d be c(-3). Suppose -31*h + 28*h = -d. Suppose 21*m + h = 27*m. Calculate the highest common divisor of m and 12.
4
Let h(c) = -c**2 + 2*c + 80. Let f be h(-8). Suppose -3*y - 4*r + 24 = 0, f*y - 4*y + 25 = 3*r. Calculate the highest common factor of 52 and y.
4
Suppose -241*a = -213*a - 1064. Let n(r) = r. Let h be n(5). Suppose 3*t - h*m = -0*m + 357, -3*t + 333 = 3*m. What is the highest common divisor of a and t?
38
Let o be -374*((-7 - -18) + -12). Calculate the highest common divisor of o and 578.
34
Let j be -6 - -85 - (0 + -1 + 1). Let m = j - 132. Let s = -34 - m. What is the greatest common factor of s and 171?
19
Let g = 270 + -110. Let v be (-6)/(-8)*g/15. What is the highest common divisor of v and 16?
8
Let j = -698 - 128. Let i = -790 - j. What is the greatest common divisor of i and 198?
18
Let b be (-600)/(-10)*(-10)/(-25). Let h = 434 - 407. Calculate the highest common divisor of b and h.
3
Let q(l) = 2782*l - 11084. Let g be q(4). Suppose a - 392 = -a - 4*j, -3*a + 592 = 2*j. Suppose 4*y - a = y. What is the greatest common factor of g and y?
22
Let y = -102 - -107. Let f be 144/32 - y/2. Suppose -2*l + 3*v + 23 = 3*l, f*v - 29 = -3*l. What is the greatest common divisor of l and 56?
7
Let a be -1*(6 - 8)*(-496)/(-32). What is the highest common factor of a and 11873?
31
Let m = 129 + -54. Let w(x) = 42*x**2 + 964*x + 54. Let p be w(-23). What is the highest common factor of p and m?
25
Let z be (-14)/154 + 4096/44. Suppose -m = -z + 38. What is the highest common divisor of m and 88?
11
Suppose 140 = 4*v + 4*p, 0 = 5*v + 5*p - 2*p - 167. Let f be (v - 0/1) + 2. Let r be ((-11)/f)/((-1)/15). What is the highest common divisor of 1 and r?
1
Let a = 287 - 155. Suppose -2*l - 25*m + 24*m = -39, -3*l + 5*m + 117 = 0. Calculate the highest common divisor of l and a.
12
Let l = -42 + 80. Let f = 291 + -154. Let i = -118 + f. Calculate the highest common divisor of l and i.
19
Let p(y) = 6*y + 12*y**2 - 9 - 2*y + 11 + 2. Let n be p(-1). Let l = 116 + -56. Calculate the highest common factor of l and n.
12
Let u = -50 - -52. Suppose u*f + 4*t = 636, -5*f - 2*t - 532 + 2090 = 0. Calculate the highest common factor of 31 and f.
31
Suppose -12806 = -75*z + 7819. Calculate the greatest common divisor of z and 154.
11
Suppose 5*r - 1209 = -2*i, 312*r + 4*i = 316*r - 984. Let c(w) = -w**2 + 11*w - 3. Let x be c(5). What is the greatest common factor of x and r?
27
Let t(z) = -3*z - 21 + 4*z - 6*z**2 - 4*z**2 + 4*z + 14*z**2. Let j be t(13). What is the highest common factor of 24 and j?
24
Let o(b) = 2*b**2 + 36*b + 23. Let w be o(-18). Suppose 350 = -18*y + w*y. Let r(s) = 4*s - 2. Let c be r(3). Calculate the greatest common divisor of c and y.
10
Suppose 3*j = 2*q - 2411, -10*q - 3*j + 6793 = -5316. What is the greatest common factor of q and 3410?
110
Suppose 17*u - 66*u - 106227 = -310*u. What is the highest common divisor of u and 55?
11
Let m(p) = 12*p**2 + 68*p + 43. Let l(g) = -6*g**2 - 34*g - 21. Let q(a) = -13*l(a) - 6*m(a). Let o be q(-9). Calculate the highest common factor of 30 and o.
15
Let p = 1302 - 662. Let w = -440 + p. Calculate the greatest common factor of 16 and w.
8
Let h be (-1 - 10/2) + 2. Let o be 6/h*(-6 + 5)*6. What is the highest common factor of 153 and o?
9
Let c = 37 - -83. Suppose -38*p + 40*p = c. What is the highest common divisor of p and 48?
12
Let a be (35 - 2)*(50/15 - -6). Suppose 2*f = -5*o - 0*f + a, -f = 4*o - 244. Calculate the highest common divisor of 15 and o.
15
Let x = -15314 + 27937. Calculate the highest common factor of 13 and x.
13
Suppose 13*t - 2 = 12*t. Suppose f + 4*a + a - 15 = 0, f = t*a + 8. Suppose 8 - 2 = 4*g - 2*c, 0 = -c + 1. Calculate the greatest common factor of f and g.
2
Let l be (120/75)/((-2 - -1)/(-135)). Suppose -4*u + l + 626 = 2*y, 0 = -3*y - 3*u + 1275. Calculate the highest common divisor of 39 and y.
39
Let w(j) = 40*j - 1. Let z(o) = -o + 5. Let l be z(4). Let g be w(l). Let q = 24143 - 23987. What is the greatest common divisor of g and q?
39
Let q = -4130 + 4806. Calculate the highest common divisor of q and 4563.
169
Suppose 2*r + 53*b - 48*b - 32906 = 0, 32898 = 2*r + b. Calculate the highest common divisor of r and 128.
64
Suppose 33*h + 23*h - 21*h = 13860. Calculate the highest common divisor of h and 308.
44
Let b(y) = -2*y**3 - 37*y**2 - 47*y - 201. Let c be b(-19). What is the highest common factor of c and 1944?
81
Let o(t) = -342*t - 13056. Let w be o(-40). What is the greatest common factor of w and 5148?
156
Suppose -2*g - 16 = 0, -1264 - 1902 = -14*d + 2*g. What is the highest common divisor of 405 and d?
45
Suppose -5*w + 91 + 99 = 0. Suppose i = c - 367, -2*c = 5*i - 710 + 18. Calculate the highest common factor of c and w.
19
Let l(j) = 37*j - 85. Let f be (-1 - -2)*(25 - 15) - 5. Let p be l(f). What is the greatest common factor of p and 20?
20
Let b be (2 + 36/(-14))*49/(-14). Suppose b*f + n = 1714, -5*f = -33*n + 28*n - 4255. Calculate the greatest common factor of 45 and f.
45
Let m(s) = s**3 - s**2 + 5*s - 30. Let h be m(8). Let u = 472 - h. Suppose 3*j - 146 = -3*v - 50, -4 = -j. Calculate the greatest common divisor of u and v.
14
Let x = 3594 + -1180. What is the greatest common factor of x and 213?
71
Suppose -24 = -12*s + 10*s. Suppose 0 = 3*u - 5*u + 3*o + 24, -u = o - s. Calculate the greatest common factor of u and 8.
4
Suppose -44*d + 157*d - 1528 - 3557 = 0. Calculate the highest common divisor of 36 and d.
9
Let n(b) be the first derivative of -2*b**2 + 13*b + 329. Let q be n(-2). What is the highest common factor of 7 and q?
7
Suppose 0 = 2*h - n - 52, 16*h + 19 = 17*h - 4*n. Let z = h + -3. Let x be (2/3)/((-2)/(-36)). What is the greatest common factor of x and z?
12
Suppose i - 132 = -2*c + 240, 4*i + 930 = 5*c. Let n(y) = -6 - 14*y + c*y**2 + 5 + 15*y. Let h be n(-1). What is the greatest common factor of h and 23?
23
Suppose 5*v - 5*m = 570, -4*m + 342 - 102 = 2*v. Calculate the highest common divisor of 1015 and v.
29
Let o(h) = -2*h**2 - 30*h - 5. Let y be o(-17). Suppose -i + 297 = 2*i. Let b = i + y. What is the greatest common factor of 13 and b?
13
Suppose -5*x - 5*o + 4690 = 0, -167*x - 4618 = -172*x + 4*o. Calculate the highest common divisor of 50 and x.
10
Let c be 2 - (-1 - 0)*1*15. Suppose c*v = 12*v + 170. Let b be ((-51)/(-6))/1*20. What is the greatest common divisor of v and b?
34
Suppose -9118 = -315*n + 18917. What is the highest common divisor of 2848 and n?
89
Suppose 0 = -2*o - 3*o + l + 3, -4*o - 2 = -3*l. Let f be (-2)/(-10) - 540/(-50). Calculate the greatest common factor of f and o.
1
Let x be (-1836)/(-10 + -2) + -13. Calculate the highest common divisor of x and 2590.
70
Let a(f) = 6*f**3 + 3*f**2 - 8*f - 1. Let v be a(2). What is the greatest common factor of v and 127?
1
Suppose 243 - 117 = 4*o + 3*o. Calculate the highest common divisor of 774 and o.
18
Suppose -z + 42 = 3*h, -z = -4*h - 33 - 37. Suppose 214 = 4*c + 2*u - 136, -2*c + 2*u + 190 = 0. Calculate the highest common factor of c and z.
18
Suppose -4*k + 12 = -3*y, -4*k = y - 3 - 9. Suppose y = d + 13 - 22. Suppose -24 = -2*q - 2*q. What is the greatest common divisor of q and d?
3
Suppose 5*j - 2854*s - 62365 = -2849*s, -2*s + 12461 = j. Calculate the highest common divisor of 37 and j.
37
Suppose n - 5*b = 16646, -49890 = 272*n - 275*n + 3*b. Calculate the greatest common factor of n and 51.
51
Let i = -94 + 116. Suppose 0 = i*a - 16*a - 66. What is the greatest common divisor of a and 1?
1
Suppose 29*w - 20240 + 4166 = -18*w. What is the highest common divisor of 114 and w?
114
Let f be (-3 - 1) + (-4)/(-2). Let b be 14/3 + 5/15. Let s = f + b. Calculate the greatest common factor of 3 and s.
3
Suppose 55*a - 56*a - 3*u = 610, 0 = -3*a - 5*u - 1838. Let h = -555 - a. Calculate the highest common factor of 1 and h.
1
Suppose 4*k = -2*j - 0*k + 78, 3*k = 2*j - 57. Let x be -2*(-3)/12*40. Let m = x + -17. What is the greatest common divisor of j and m?
3
L